{"id":110,"date":"2025-11-04T22:37:26","date_gmt":"2025-11-04T22:37:26","guid":{"rendered":"https:\/\/omicroni.com\/?post_type=product&#038;p=110"},"modified":"2025-12-17T23:51:01","modified_gmt":"2025-12-17T23:51:01","slug":"omi-ngjites-keramikash-2000-i-bardhe","status":"publish","type":"product","link":"https:\/\/omicroni.com\/?product=omi-ngjites-keramikash-2000-i-bardhe","title":{"rendered":"OMI NGJIT\u00cbS P\u00cbR KERAMIK\u00cb 2000 I BARDH\u00cb"},"content":{"rendered":"<p>(ALB)- Ngjit\u00ebs qeramike, C1T (T\u00eb bardh\u00eb)<br \/>\nNgjit\u00ebs p\u00ebr qeramik\u00eb, ngjyr\u00eb e hirt\u00eb me baz\u00eb \u00e7imento, e p\u00ebrforcuar me rezin\u00eb akrilike dhe aditiv\u00eb speciale.<br \/>\nOfron punueshm\u00ebri t\u00eb l\u00ebht\u00eb dhe aft\u00ebsi te mire ngjitje n\u00eb mure dhe dysheme. Aplikohet me kr\u00ebh\u00ebr deri ne 10 mm.<br \/>\nKaraktesitikat<br \/>\nP\u00ebr ambiente rezidenciale t\u00eb brendshme dhe t\u00eb jashtme<br \/>\nPunueshm\u00ebri t\u00eb mir\u00eb<br \/>\nP\u00ebr ngjitjen e pllakave qeramike n\u00eb siperfaqe me baz\u00eb \u00e7imento apo gipsi<br \/>\nKlasifikimi<br \/>\nKlasifikohet si C2TE sipas standartit EN 12004.<br \/>\nC1-fort\u00ebsi ngjitje normale \u2265 1 N\/mm2..<br \/>\nT- vetit\u00eb tiksotropike kundra rr\u00ebshqitjes s\u00eb pllak\u00ebs n\u00eb sip\u00ebrfaqe vertikale \u2264 5 mm.<br \/>\nE-punueshm\u00ebri me koh\u00eb t\u00eb zgjatur deri n\u00eb 30 minuta.<br \/>\nPergatitja<br \/>\nNj\u00eb thes pluhur 25 kg p\u00ebrzihet me 6.5-7 litra uj\u00eb t\u00eb past\u00ebr. Perzierja behet me mixer elektrik deri n\u00eb 300rpm, derisa te perftohet nje mase homogjene. Lihet te pushoje per 5min. dhe pastaj periehet perseri per 1min. Punohet n\u00eb kushte atmosferike t\u00eb p\u00ebrshtatshme n\u00eb temperaturat nga +5 deri n\u00eb +35 \u00b0C.<br \/>\nKonsumi<br \/>\n3-5 kg\/m2\/25 kg, n\u00eb var\u00ebsi t\u00eb substartit dhe dh\u00ebmbeve t\u00eb kr\u00ebh\u00ebrit.<br \/>\nT\u00eb ruhet n\u00eb ambient t\u00eb that\u00eb me ambalazh te pahapur per 12 muaj.<br \/>\n(ENG) Ceramic adhesive, C1T (White)<br \/>\nCeramic adhesive, cement-based gray paint, reinforced with acrylic resin and special additives. Offers easy workability and good adhesion to walls and floors. Apply with a comb up to 10 mm.<br \/>\nCharacteristics<br \/>\nFor indoor and outdoor residential premises<br \/>\nEasy workability<br \/>\nFor gluing ceramic tiles on cement or gypsum based surfaces<br \/>\nClassification<br \/>\nClassified as C2TE according to standard EN 12004,<br \/>\nC1-normal adhesion hardness \u2265 1 N\/mm2.<br \/>\nT-thixotropic properties against sliding of the plate on vertical surface \u2264 5 mm.<br \/>\nE-workability with extended time up to 30 minutes.<br \/>\nPreparation:<br \/>\nA 25 kg powder bag is mixed with 6.5-7 liters of clean water. The mixture is made with an electric mixer up to 300rpm, until a homogeneous mass is obtained. Leave to rest for 5 min and then stir again for<br \/>\nmin. Operates in suitable atmospheric conditions at temperatures from +5 to +35\u00b0C<br \/>\nConsumption: 3-5 kg\/m2\/25 kg, depending on the substrate and the teeth of the comb.<br \/>\nStore in a dry place with unopened packaging for 12 months.<br \/>\n1<\/p>\n","protected":false},"excerpt":{"rendered":"<p>Ngjit\u00ebs qeramike, C1T (T\u00eb bardh\u00eb)<br \/>\nNgjit\u00ebs p\u00ebr qeramik\u00eb, ngjyr\u00eb e hirt\u00eb me baz\u00eb \u00e7imento, e p\u00ebrforcuar me rezin\u00eb akrilike dhe aditiv\u00eb speciale.<br \/>\nOfron punueshm\u00ebri t\u00eb l\u00ebht\u00eb dhe aft\u00ebsi te mire ngjitje n\u00eb mure dhe dysheme. Aplikohet me kr\u00ebh\u00ebr deri ne 10 mm.<\/p>\n","protected":false},"featured_media":132,"comment_status":"open","ping_status":"closed","template":"","meta":{"_themeisle_gutenberg_block_has_review":false},"product_brand":[28],"product_cat":[18],"product_tag":[],"class_list":{"0":"post-110","1":"product","2":"type-product","3":"status-publish","4":"has-post-thumbnail","6":"product_brand-produkte-nga-omi","7":"product_cat-ngjites-per-keramika","9":"first","10":"instock","11":"shipping-taxable","12":"product-type-simple"},"_links":{"self":[{"href":"https:\/\/omicroni.com\/index.php?rest_route=\/wp\/v2\/product\/110","targetHints":{"allow":["GET"]}}],"collection":[{"href":"https:\/\/omicroni.com\/index.php?rest_route=\/wp\/v2\/product"}],"about":[{"href":"https:\/\/omicroni.com\/index.php?rest_route=\/wp\/v2\/types\/product"}],"replies":[{"embeddable":true,"href":"https:\/\/omicroni.com\/index.php?rest_route=%2Fwp%2Fv2%2Fcomments&post=110"}],"wp:featuredmedia":[{"embeddable":true,"href":"https:\/\/omicroni.com\/index.php?rest_route=\/wp\/v2\/media\/132"}],"wp:attachment":[{"href":"https:\/\/omicroni.com\/index.php?rest_route=%2Fwp%2Fv2%2Fmedia&parent=110"}],"wp:term":[{"taxonomy":"product_brand","embeddable":true,"href":"https:\/\/omicroni.com\/index.php?rest_route=%2Fwp%2Fv2%2Fproduct_brand&post=110"},{"taxonomy":"product_cat","embeddable":true,"href":"https:\/\/omicroni.com\/index.php?rest_route=%2Fwp%2Fv2%2Fproduct_cat&post=110"},{"taxonomy":"product_tag","embeddable":true,"href":"https:\/\/omicroni.com\/index.php?rest_route=%2Fwp%2Fv2%2Fproduct_tag&post=110"}],"curies":[{"name":"wp","href":"https:\/\/api.w.org\/{rel}","templated":true}]}}