{"id":258,"date":"2025-12-17T23:58:14","date_gmt":"2025-12-17T23:58:14","guid":{"rendered":"https:\/\/omicroni.com\/?post_type=product&#038;p=258"},"modified":"2025-12-17T23:58:14","modified_gmt":"2025-12-17T23:58:14","slug":"omi-color-fas-15l","status":"publish","type":"product","link":"https:\/\/omicroni.com\/?product=omi-color-fas-15l","title":{"rendered":"OMI COLOR FAS 15L"},"content":{"rendered":"<p>Ngjyre me baze silikoni per mbrojtjen dhe dekorimin e fasadave te reja dhe te vjetra. \u00cbsht\u00eb e prodhuar nga materiale te cilesise se larte, ka aft\u00ebsi te shk\u00eblqyer mbulueshm\u00ebrie, \u00ebsht\u00eb rezistent nga uji, ka depertueshm\u00ebrite mire te avullit, eshte e qendrueshme ndaj rrezatimit UV dhe kushteve atmosferike. Pe\u00ebr arsye t\u00eb q\u00ebndrueshmeris\u00eb s\u00eb lart\u00eb \u00ebsht\u00eb e p\u00ebrshtatshme edhe p\u00ebr p\u00ebrdorim ne muret e brendshme t\u00eb objekteve publike. Mund t\u00eb konvertohet n\u00eb 300 nijansa.<br \/>\nP\u00ebgatitja dhe aplikimi:<br \/>\nSip\u00ebrfaqja ku do t\u00eb aplikohet ngjyra duhet t\u00eb jet\u00eb e fort\u00eb, e past\u00ebr, e that\u00eb dhe e lyer me ngjyre baz\u00eb. Aplikohet me rul me fije te pershtatshme ne dy shtresa. Thahet dora e pare dhe pastaj aplikohet dora e dyte. (temp +23-25\u00b0C), Perzihet me 10% uje deri ne arritjen e dendesise se duhur.<br \/>\nEshte e preferuar t\u00eb punohet n\u00eb menyr\u00eb t\u00eb nj\u00ebtrajtshme dhe t\u00eb vazhdueshme mbi sip\u00ebrfaqje.<br \/>\nAfati dhe magazinimi: 18 muaj n\u00eb paketimin origjinal.<br \/>\nShpenzimi: 10-12m\u00b2\/Liter p\u00ebr lyerje n\u00eb var\u00ebsi prej sip\u00ebrfaqes.<br \/>\nPaketimi: 15 Litra<\/p>\n","protected":false},"excerpt":{"rendered":"<p>Ngjyre me baze silikoni per mbrojtjen dhe dekorimin e fasadave te reja dhe te vjetra. \u00cbsht\u00eb e prodhuar nga materiale te cilesise se larte, ka aft\u00ebsi te shk\u00eblqyer mbulueshm\u00ebrie, \u00ebsht\u00eb rezistent nga uji, ka depertueshm\u00ebrite mire te avullit, eshte e qendrueshme ndaj rrezatimit UV dhe kushteve atmosferike. Pe\u00ebr arsye t\u00eb q\u00ebndrueshmeris\u00eb s\u00eb lart\u00eb \u00ebsht\u00eb e p\u00ebrshtatshme edhe p\u00ebr p\u00ebrdorim ne muret e brendshme t\u00eb objekteve publike. Mund t\u00eb konvertohet n\u00eb 300 nijansa.<\/p>\n","protected":false},"featured_media":261,"comment_status":"open","ping_status":"closed","template":"","meta":{"_themeisle_gutenberg_block_has_review":false},"product_brand":[28],"product_cat":[17],"product_tag":[],"class_list":{"0":"post-258","1":"product","2":"type-product","3":"status-publish","4":"has-post-thumbnail","6":"product_brand-produkte-nga-omi","7":"product_cat-ngjyra","9":"first","10":"instock","11":"shipping-taxable","12":"product-type-simple"},"_links":{"self":[{"href":"https:\/\/omicroni.com\/index.php?rest_route=\/wp\/v2\/product\/258","targetHints":{"allow":["GET"]}}],"collection":[{"href":"https:\/\/omicroni.com\/index.php?rest_route=\/wp\/v2\/product"}],"about":[{"href":"https:\/\/omicroni.com\/index.php?rest_route=\/wp\/v2\/types\/product"}],"replies":[{"embeddable":true,"href":"https:\/\/omicroni.com\/index.php?rest_route=%2Fwp%2Fv2%2Fcomments&post=258"}],"wp:featuredmedia":[{"embeddable":true,"href":"https:\/\/omicroni.com\/index.php?rest_route=\/wp\/v2\/media\/261"}],"wp:attachment":[{"href":"https:\/\/omicroni.com\/index.php?rest_route=%2Fwp%2Fv2%2Fmedia&parent=258"}],"wp:term":[{"taxonomy":"product_brand","embeddable":true,"href":"https:\/\/omicroni.com\/index.php?rest_route=%2Fwp%2Fv2%2Fproduct_brand&post=258"},{"taxonomy":"product_cat","embeddable":true,"href":"https:\/\/omicroni.com\/index.php?rest_route=%2Fwp%2Fv2%2Fproduct_cat&post=258"},{"taxonomy":"product_tag","embeddable":true,"href":"https:\/\/omicroni.com\/index.php?rest_route=%2Fwp%2Fv2%2Fproduct_tag&post=258"}],"curies":[{"name":"wp","href":"https:\/\/api.w.org\/{rel}","templated":true}]}}

<p>Ngjyre me baze silikoni per mbrojtjen dhe dekorimin e fasadave te reja dhe te vjetra. Është e prodhuar nga materiale te cilesise se larte, ka aftësi te shkëlqyer mbulueshmërie, është rezistent nga uji, ka depertueshmërite mire te avullit, eshte e qendrueshme ndaj rrezatimit UV dhe kushteve atmosferike. Peër arsye të qëndrueshmerisë së lartë është e përshtatshme edhe për përdorim ne muret e brendshme të objekteve publike. Mund të konvertohet në 300 nijansa.<br />
Pëgatitja dhe aplikimi:<br />
Sipërfaqja ku do të aplikohet ngjyra duhet të jetë e fortë, e pastër, e thatë dhe e lyer me ngjyre bazë. Aplikohet me rul me fije te pershtatshme ne dy shtresa. Thahet dora e pare dhe pastaj aplikohet dora e dyte. (temp +23-25°C), Perzihet me 10% uje deri ne arritjen e dendesise se duhur.<br />
Eshte e preferuar të punohet në menyrë të njëtrajtshme dhe të vazhdueshme mbi sipërfaqje.<br />
Afati dhe magazinimi: 18 muaj në paketimin origjinal.<br />
Shpenzimi: 10-12m²/Liter për lyerje në varësi prej sipërfaqes.<br />
Paketimi: 15 Litra</p>

<p>Ngjyre me baze silikoni per mbrojtjen dhe dekorimin e fasadave te reja dhe te vjetra. Është e prodhuar nga materiale te cilesise se larte, ka aftësi te shkëlqyer mbulueshmërie, është rezistent nga uji, ka depertueshmërite mire te avullit, eshte e qendrueshme ndaj rrezatimit UV dhe kushteve atmosferike. Peër arsye të qëndrueshmerisë së lartë është e përshtatshme edhe për përdorim ne muret e brendshme të objekteve publike. Mund të konvertohet në 300 nijansa.</p>
